e first derivative of h**3 - 5*h**2/2 - 6*h + 1. What is the tens digit of k(y)?
3
Suppose 10*y + 22 - 62 = 0. Suppose -y*u + 12 = 0, -2*u + 294 = 4*v - 0*u. Suppose -5*k = 4*t - v, t = -3*t - 4*k + 76. What is the tens digit of t?
2
Let f = 1213 - 734. Let m = f + 332. What is the hundreds digit of m?
8
Let y(l) = 26*l**2 - 79*l - 347. What is the thousands digit of y(49)?
8
Let o be ((-8)/2)/(2 + (-24)/6). Suppose -5*p + o*y = 3*y - 2031, 4*p + y = 1625. What is the units digit of p?
6
Let l(p) = -43*p - 33. Let j(k) = k**3 + 6*k**2 + 6*k + 17. Let r be j(-6). What is the hundreds digit of l(r)?
7
Suppose j - 8 = -j + 2*r, -4*j + 16 = -r. Let u(p) = -91*p + 38. Let w be u(j). Let b = -154 - w. What is the hundreds digit of b?
1
Let t(u) = -6113*u - 168. What is the hundreds digit of t(-1)?
9
Suppose 140*h - 125*h = 217545. What is the tens digit of h?
0
Let a(w) = -6673*w - 1536. What is the tens digit of a(-5)?
2
Let q(f) = -94*f - 36. Let x be q(-5). Suppose -n - 4*r + 1496 = -6*n, -5*r = n + 276. Let w = n + x. What is the tens digit of w?
3
What is the thousands digit of 228034/38 - 7/(133/(-2))?
6
Let g(r) be the second derivative of -r**3/6 - 6*r**2 + 2*r. Let k be g(-13). Let l(s) = 102*s + 6. What is the units digit of l(k)?
8
Let c be (-2)/(-5)*(-1 - 0 - 4). Let l be -6*((-2)/(-6) + c). Suppose -4*m + l*m = 42. What is the units digit of m?
7
Let n(x) be the first derivative of -4*x**4 - 5*x**3/3 - 8*x**2 - 10*x - 146. What is the units digit of n(-5)?
5
Let i be (-1)/(200/(-32) - -6). What is the tens digit of 605/i - 39/(-52)?
5
Let w(r) = 15*r**2 - 50*r + 468. What is the tens digit of w(9)?
3
Let s = 22 + -18. Let g(r) = -3 - s*r + 14 + 3*r + 0. What is the units digit of g(5)?
6
Let l(o) = o**3 - 51*o**2 - 57*o + 347. What is the hundreds digit of l(53)?
9
Suppose -s + 458 = s - 6614. What is the tens digit of s?
3
Suppose 0 = -i + 6, -135*f + 132*f = -3*i - 27795. What is the hundreds digit of f?
2
Let i be -15*(4/(-50))/(2/10). What is the units digit of (-2 - (i + -7)) + 1110?
9
Let b = -33327 - -67931. What is the hundreds digit of b?
6
Suppose w + 30 = 7*w. What is the hundreds digit of (w/(-5)*-1 - 0)*184?
1
Suppose -220*v + 1858562 = -1276878. What is the tens digit of v?
5
Let p(v) be the third derivative of v**6/120 + 14*v**5/15 + 13*v**4/3 - 23*v**3/3 - 248*v**2. What is the units digit of p(-54)?
0
Suppose 0 = -5*v + 25, -4*w = -0*w - 2*v + 2. Suppose -2*j - 106 = -w*d + 24, -4*d = 0. Let b = 40 - j. What is the tens digit of b?
0
Let x(q) be the first derivative of -29 - 5*q + 65/3*q**3 - q**2. What is the hundreds digit of x(-2)?
2
Let p(h) = -h**3 + 10*h**2 - 20*h - 2. Let x be p(7). Suppose 3*w - 361 = -x*z, 2*z = -0*z - 2*w + 142. What is the units digit of z?
4
Suppose -6*l + 3253 = -389. Let p be 1/((-4)/12) + 2*l. Suppose 2*g + 227 = o - 2*g, -5*o + g + p = 0. What is the units digit of o?
3
Suppose 0 = -3*b + 257 + 997. Let m = 717 - b. What is the units digit of m?
9
Suppose 158*j = 43*j + 3707025. What is the hundreds digit of j?
2
Suppose -4*h + h = -54. Let o = h - 75. Let i = 87 - o. What is the hundreds digit of i?
1
What is the tens digit of ((-24976)/(-21))/(6/27)?
5
Suppose -676 - 849 = -9*g + 1355. What is the tens digit of g?
2
What is the hundreds digit of (6 - 0) + (-1 + 5)*1016?
0
Suppose 0 = 5*p - 3*j - 6 - 15, 4*p = 5*j + 9. Let y be (3 - -1430) + 0/(-1). Suppose -y = -p*a - 323. What is the hundreds digit of a?
1
Suppose 0 = -45*c + 48*c - 9. Suppose c*j + 17 + 74 = y, 3*j - 67 = -y. What is the units digit of y?
9
Let j be 0*(6 - 11)/(-25). Let l(a) = a**3 + 2*a**2 - 2*a + 386. What is the hundreds digit of l(j)?
3
Suppose 5*g - 643 - 117 = 0. Let h(z) = z**3 - z**2 - 2*z + 3. Let p be h(2). Suppose -84 = -2*j - 0*w - p*w, 4*j - g = 2*w. What is the tens digit of j?
3
Let r(n) = n - 19. Let l be r(21). Let i(x) = 3*x - 3. Let m be i(l). What is the tens digit of -3 - (-26 + (5 - m))?
2
Let r(s) = 62*s**3 - 4*s**2 + 16*s - 4. What is the units digit of r(5)?
6
Let h(d) = 7419*d - 151. What is the tens digit of h(1)?
6
Let i(x) = -3*x**3 - 173*x**2 + 240*x - 60. Let o be i(-59). Suppose -195 = q + 7. Let p = q - o. What is the units digit of p?
4
Suppose -m + 19841 = 3*z, -5*z = 84*m - 83*m - 33065. What is the hundreds digit of z?
6
Let k = -30867 + 49083. What is the units digit of k?
6
Let w = -44 - -43. Let i be 0 + 1 + w - -3. What is the tens digit of 276/((-4)/(-2)) - (i + -5)?
4
Suppose -4*a + z = -2*z - 308, -4*a + 2*z = -304. Suppose 5*i - j + 223 = 0, -3*j + 16 = -2*i - 81. Let v = a + i. What is the units digit of v?
0
Let k(x) = 18*x + 7. Let p be k(-3). Let s = 67 + p. Suppose 56 + s = 2*c. What is the units digit of c?
8
Let x(s) = s**3 + s**2 - s - 1. Let h be x(-1). Suppose -5*f = 25, h = -i - f - 26 + 67. Let k = i - 30. What is the tens digit of k?
1
Suppose -16 = -5*x + v, 6*v + 19 = 5*x + 2*v. Suppose -w - 18 = -h - 151, x*w + 5*h - 439 = 0. What is the tens digit of w?
3
Suppose 149 = -r + 143, 2*n - 3*r - 19502 = 0. What is the thousands digit of n?
9
Let f be 14/(-6) + 7/21. Let a be ((-2)/(-3))/(1*f/24). Let j = a - -42. What is the units digit of j?
4
Let m = -77127 + 116639. What is the units digit of m?
2
Let x(a) = 2*a**3 + 2*a**2 - 4*a - 15. Let y(n) = -n**3 - 3*n**2 + 3*n + 14. Let b(o) = 3*x(o) + 4*y(o). What is the units digit of b(6)?
7
Suppose 2*x + 6 = 0, n - 18*x + 17*x - 30635 = 0. What is the hundreds digit of n?
6
Let l be (6/14)/(-3*1/(-21)). Let i be l/7 + 270/(-42). What is the tens digit of (16/i)/(620/105 - 6)?
2
Let n(t) = 5*t + 653. Let o be n(0). Suppose 7*x - 222 - o = 0. What is the units digit of x?
5
Let p(n) = n**3 - 8*n + 4*n**3 + 0*n**3 - 10 + 5*n**2 - 4*n**3. Let k be p(-6). Suppose 6*f - f + a = 34, 0 = -f - k*a + 5. What is the units digit of f?
7
Let l be -1 + (-4)/(-2) + 1428/2. Suppose 161*v = 156*v + l. What is the tens digit of v?
4
What is the units digit of (3 - 12) + (-17)/(34/(-10008))?
5
Let y(r) = -r**2 + 11*r - 7. Let q be y(10). Suppose -5*c + 1688 = -3*u, q*c - 4*u = 5*c - 670. What is the units digit of c?
7
Let c = -150 + 149. Let o be (906*c)/((-6)/8). Suppose -a = 3*a + 5*z - o, 2*a - 590 = z. What is the hundreds digit of a?
2
Suppose -77 = -5*k + j - 3*j, 0 = -3*k - 2*j + 47. Suppose -1730 = -18*z + k*z + 2*a, -3*z - 4*a = -1724. What is the units digit of z?
6
Suppose 0 = 5*l - 3*k - 67582, 71*l + 3*k = 70*l + 13520. What is the hundreds digit of l?
5
Let y = 18 + 7102. Suppose 8*r + y = 18*r. What is the hundreds digit of r?
7
What is the units digit of (12/(-30) - (-28234)/10)*160/48?
0
Suppose -9 = -3*o, -x - 567 = -5*o - 6438. What is the thousands digit of x?
5
Let s = 571 + -325. Let c = s - 134. What is the tens digit of c?
1
Let v = -6 - -46. Let d be 4/(-18) - 1/((-18)/v). What is the units digit of (2 - d)/(-1) - -40?
0
Let x(k) = 502*k + 769. What is the units digit of x(24)?
7
Suppose 26 = 3*w + 8. Suppose -w*z = -70 - 14. Suppose z*j - 9*j - 585 = 0. What is the tens digit of j?
1
Suppose j = 1 + 2. Let n(g) = -12 + 4 + 9 + j - 2*g. What is the tens digit of n(-20)?
4
Let a(c) = -2*c**2 - 3*c + 4. Let j be a(2). Let s(y) = y**3 + 8*y**2 - 12*y + 8. Let m be s(j). Let k = 83 + m. What is the units digit of k?
1
Let p be -1 + 8/10 + 2016/280. Let o(d) = 6*d**2 + 18*d - 57. What is the units digit of o(p)?
3
Let x = 12320 + 15630. What is the ten thousands digit of x?
2
Suppose -21 = -4*w + 5*c, -w - 5*c - 22 = -4*w. Suppose -7*z + 510 + 141 = 0. Let b = z + w. What is the tens digit of b?
9
Let w(x) = 7*x**3 - 3*x**2 - 3*x - 4. Suppose 0 = 5*i - 14 - 1. Let u be w(i). What is the tens digit of 4*u/14 - 12/(-28)?
4
Suppose 3*d = -4*v + 184878, -d + 7*v + 5*v = -61746. What is the ten thousands digit of d?
6
Suppose x + 3*a = 15, 3*x + 2*a - 21 = -4. Suppose 0 = x*i + 2*p - 1167, 4*i - 1185 - 385 = 2*p. What is the hundreds digit of i?
3
Suppose 0 = n - 4*j - 5 - 5, n + 5*j + 8 = 0. What is the tens digit of (-124)/n*11/((-44)/26)?
0
Let z be -6 + -5*4/(-2). Suppose 0 = -l - 2*f + 58, f = z*l - 77 - 164. What is the tens digit of l?
6
Let v(o) = -6*o - 41. Let u(t) = -18*t - 123. Let r(z) = -4*u(z) + 11*v(z). Let w be r(12). Let n = w - -36. What is the tens digit of n?
4
Let u(z) = 37*z - 4. Let f(g)